eds digit of 44194?
1
What is the tens digit of 484?
8
What is the tens digit of 11172?
7
What is the thousands digit of 5383?
5
What is the thousands digit of 20709?
0
What is the tens digit of 2016?
1
What is the thousands digit of 1613?
1
What is the tens digit of 1071?
7
What is the units digit of 72?
2
What is the units digit of 9583?
3
What is the thousands digit of 77531?
7
What is the units digit of 4091?
1
What is the ten thousands digit of 36484?
3
What is the tens digit of 20568?
6
What is the units digit of 101789?
9
What is the tens digit of 70607?
0
What is the hundreds digit of 942?
9
What is the units digit of 4645?
5
What is the thousands digit of 2645?
2
What is the hundreds digit of 357?
3
What is the ten thousands digit of 57376?
5
What is the units digit of 6783?
3
What is the thousands digit of 3206?
3
What is the units digit of 21543?
3
What is the tens digit of 547?
4
What is the tens digit of 4391?
9
What is the thousands digit of 25714?
5
What is the tens digit of 1174?
7
What is the tens digit of 1674?
7
What is the hundreds digit of 319?
3
What is the tens digit of 1432?
3
What is the hundreds digit of 570?
5
What is the units digit of 352?
2
What is the tens digit of 290?
9
What is the tens digit of 18423?
2
What is the tens digit of 10429?
2
What is the hundreds digit of 1169?
1
What is the thousands digit of 6721?
6
What is the ten thousands digit of 123394?
2
What is the hundreds digit of 299?
2
What is the hundreds digit of 1283?
2
What is the tens digit of 21828?
2
What is the units digit of 76414?
4
What is the tens digit of 15128?
2
What is the units digit of 5982?
2
What is the tens digit of 16867?
6
What is the tens digit of 11501?
0
What is the thousands digit of 15008?
5
What is the tens digit of 2088?
8
What is the hundreds digit of 174?
1
What is the tens digit of 142032?
3
What is the hundreds digit of 2846?
8
What is the units digit of 50797?
7
What is the thousands digit of 55276?
5
What is the units digit of 12041?
1
What is the tens digit of 1476?
7
What is the thousands digit of 114007?
4
What is the thousands digit of 17855?
7
What is the tens digit of 5802?
0
What is the units digit of 2818?
8
What is the thousands digit of 10557?
0
What is the thousands digit of 122227?
2
What is the units digit of 693?
3
What is the units digit of 10401?
1
What is the units digit of 8699?
9
What is the units digit of 1975?
5
What is the tens digit of 1770?
7
What is the thousands digit of 26951?
6
What is the thousands digit of 5427?
5
What is the units digit of 15400?
0
What is the units digit of 216?
6
What is the units digit of 17878?
8
What is the thousands digit of 167418?
7
What is the units digit of 124409?
9
What is the units digit of 6382?
2
What is the thousands digit of 1232?
1
What is the tens digit of 4937?
3
What is the tens digit of 5293?
9
What is the tens digit of 5370?
7
What is the thousands digit of 53269?
3
What is the ten thousands digit of 16961?
1
What is the units digit of 1309?
9
What is the tens digit of 1204?
0
What is the units digit of 459?
9
What is the thousands digit of 31380?
1
What is the hundreds digit of 956?
9
What is the tens digit of 1635?
3
What is the hundreds digit of 1628?
6
What is the thousands digit of 93500?
3
What is the units digit of 19688?
8
What is the hundreds digit of 27562?
5
What is the tens digit of 6929?
2
What is the hundreds digit of 1224?
2
What is the units digit of 106?
6
What is the units digit of 2893?
3
What is the thousands digit of 9316?
9
What is the thousands digit of 50454?
0
What is the tens digit of 11233?
3
What is the ten thousands digit of 122557?
2
What is the ten thousands digit of 27977?
2
What is the tens digit of 30480?
8
What is the hundreds digit of 10569?
5
What is the hundred thousands digit of 154425?
1
What is the ten thousands digit of 11953?
1
What is the tens digit of 72?
7
What is the units digit of 267?
7
What is the tens digit of 1914?
1
What is the hundreds digit of 1870?
8
What is the tens digit of 3520?
2
What is the units digit of 7506?
6
What is the thousands digit of 1906?
1
What is the ten thousands digit of 32422?
3
What is the tens digit of 27125?
2
What is the tens digit of 20893?
9
What is the hundreds digit of 27846?
8
What is the ten thousands digit of 11779?
1
What is the units digit of 4023?
3
What is the units digit of 11129?
9
What is the tens digit of 12777?
7
What is the units digit of 4394?
4
What is the units digit of 8398?
8
What is the hundreds digit of 118913?
9
What is the thousands digit of 1923?
1
What is the hundreds digit of 63259?
2
What is the units digit of 617?
7
What is the hundreds digit of 4507?
5
What is the thousands digit of 44077?
4
What is the tens digit of 892?
9
What is the tens digit of 5186?
8
What is the units digit of 1527?
7
What is the hundreds digit of 1011?
0
What is the tens digit of 26805?
0
What is the hundreds digit of 7522?
5
What is the hundreds digit of 109613?
6
What is the ten thousands digit of 11587?
1
What is the tens digit of 117373?
7
What is the units digit of 919?
9
What is the thousands digit of 8405?
8
What is the thousands digit of 49626?
9
What is the hundreds digit of 26057?
0
What is the hundreds digit of 174?
1
What is the tens digit of 79902?
0
What is the units digit of 83?
3
What is the hundreds digit of 17519?
5
What is the tens digit of 5611?
1
What is the hundreds digit of 913?
9
What is the units digit of 296?
6
What is the thousands digit of 30637?
0
What is the hundreds digit of 16454?
4
What is the thousands digit of 99956?
9
What is the hundreds digit of 7266?
2
What is the tens digit of 325?
2
What is the units digit of 3684?
4
What is the hundred thousands digit of 155738?
1
What is the hundreds digit of 306?
3
What is the tens digit of 1161?
6
What is the tens digit of 31161?
6
What is the thousands digit of 3482?
3
What is the units digit of 1003?
3
What is the hundreds digit of 3348?
3
What is the tens digit of 14414?
1
What is the units digit of 16223?
3
What is the tens digit of 2882?
8
What is the units digit of 2767?
7
What is the tens digit of 60609?
0
What is the ten thousands digit of 114615?
1
What is the ten thousands digit of 11836?
1
What is the hundreds digit of 3641?
6
What is the thousands digit of 2736?
2
What is the units digit of 5456?
6
What is the thousands digit of 50015?
0
What is the thousands digit of 1144?
1
What is the tens digit of 356?
5
What is the tens digit of 1550?
5
What is the hundreds digit of 23407?
4
What is the thousands digit of 61594?
1
What is the units digit of 35351?
1
What is the hundreds digit of 19454?
4
What is the ten thousands digit of 13854?
1
What is the hundred thousands digit of 127443?
1
What is the tens digit of 104574?
7
What is the tens digit of 133025?
2
What is the thousands digit of 15013?
5
What is the units digit of 2978?
8
What is the thousands digit of 5604?
5
What is the units digit of 59637?
7
What is the hundreds digit of 8908?
9
What is the hundreds digit of 999?
9
What is the hundreds digit of 122726?
7
What is the units digit of 341?
1
What is the hundreds digit of 25800?
8
What is the hundreds digit of 9684?
6
What is the hundreds digit of 990?
9
What is the units digit of 33?
3
What is the ten thousands digit of 52274?
5
What is the tens digit of 15387?
8
What is the tens digit of 190?
9
What is the units digit of 161?
1
What is the units digit of 720?
0
What is the units digit of 198?
8
What is the units digit of 835?
5
What is the thousands digit of 7275?
7
What is the ten thousands digit of 97360?
9
What is the thousands digit of 1664?
1
What is the units digit of 564?
4
What is the units digit of 8793?
3
What is the hundreds digit of 4962?
9
What is the thousands digit of 69420?
9
What is the hundreds digit of 143?
1
What is the thousands digit of 89094?
9
What is the hundreds digit of 510?
5
What is the thousands digit of 20905?
0
What is the tens digit of 932?
3
What is the units digit of 66133?
3
What is the hundreds digit of 914?
9
What is the units digit of 64373?
3
What is the hundreds digit of 21137?
1
What is the thousands digit of 1115?
1
What is the ten thousands digit of 30331?
3
What is the hundreds digit of 179?
1
What is the tens digit 